{"id":4565,"date":"2014-01-23T23:19:45","date_gmt":"2014-01-23T22:19:45","guid":{"rendered":"http:\/\/tierra-de-oz.net\/wordpress\/?page_id=4565"},"modified":"2025-12-13T22:28:25","modified_gmt":"2025-12-13T21:28:25","slug":"2014-2","status":"publish","type":"page","link":"https:\/\/tierra-de-oz.net\/wordpress\/2014-2\/","title":{"rendered":"2014"},"content":{"rendered":"<div class=\"associated-posts thumbnail-title\"><\/div>\n<p><a title=\"States and Empires, Heisskalt &amp; Zebrahead @ Rockfabrik, N\u00fcrnberg 19.1.2014\" href=\"https:\/\/tierra-de-oz.net\/wordpress\/states-empires-heisskalt-zebrahead-rockfabrik-nurnberg-19-1-2014\/\">States and Empires, Heisskalt &amp; Zebrahead @ Rockfabrik, N\u00fcrnberg 19.1.2014<\/a><br \/>\n<a title=\"Trans-Siberian Orchestra @ Arena, N\u00fcrnberg 20.1.2014\" href=\"https:\/\/tierra-de-oz.net\/wordpress\/trans-siberian-orchestra-arena-nurnberg-20-1-2014\/\">Trans-Siberian Orchestra @ Arena, N\u00fcrnberg 20.1.2014<\/a><br \/>\n<a title=\"Dream Theater @ Zenith, M\u00fcnchen 26.1.2014\" href=\"https:\/\/tierra-de-oz.net\/wordpress\/dream-theater-zenith-munchen-26-1-2014\/\">Dream Theater @ Zenith, M\u00fcnchen 26.1.2014<\/a><br \/>\n<a title=\"Nirutok, Mrs. Flow &amp; Mr. Go &amp; Electric Fetus @ Kopf und Kragen, F\u00fcrth 1.2.2014\" href=\"https:\/\/tierra-de-oz.net\/wordpress\/nirutok-mrs-flow-mr-go-electric-fetus-kopf-und-kragen-furth-1-2-2014\/\">Nirutok, Mrs. Flow &amp; Mr. Go &amp; Electric Fetus @ Kopf und Kragen, F\u00fcrth 1.2.2014<\/a><br \/>\n<a title=\"Church of Misery &amp; Monster Magnet @ Hirsch, N\u00fcrnberg 2.2.2014\" href=\"https:\/\/tierra-de-oz.net\/wordpress\/church-misery-monster-magnet-hirsch-nurnberg-2-2-2014\/\">Church of Misery &amp; Monster Magnet @ Hirsch, N\u00fcrnberg 2.2.2014<\/a><br \/>\n<a title=\"Elm Street, Warbringer &amp; Iced Earth @ Rockfabrik, N\u00fcrnberg 7.2.2014\" href=\"https:\/\/tierra-de-oz.net\/wordpress\/elm-street-warbringer-iced-earth-rockfabrik-nurnberg-7-2-2014\/\">Elm Street, Warbringer &amp; Iced Earth @ Rockfabrik, N\u00fcrnberg 7.2.2014<\/a><br \/>\n<a title=\"Rebellious Spirit &amp; Axel Rudi Pell @ L\u00f6wensaal, N\u00fcrnberg 11.2.2014\" href=\"https:\/\/tierra-de-oz.net\/wordpress\/rebellious-spirit-axel-rudi-pell-lowensaal-nurnberg-11-2-2014\/\">Rebellious Spirit &amp; Axel Rudi Pell @ L\u00f6wensaal, N\u00fcrnberg 11.2.2014<\/a><br \/>\n<a title=\"Dying Gorgeous Lies, Torrential Rain &amp; Equilibrium @ Luise \u2013 The Cultfactory, N\u00fcrnberg 14.2.2014\" href=\"https:\/\/tierra-de-oz.net\/wordpress\/dying-gorgeous-lies-torrential-rain-equilibrium-luise-cultfactory-nurnberg-14-2-2014\/\">Dying Gorgeous Lies, Torrential Rain &amp; Equilibrium @ Luise &#8211; The Cultfactory, N\u00fcrnberg 14.2.2014<\/a><br \/>\n<a title=\"Stormwarrior, Wisdom &amp; Majesty @ Rockfabrik, N\u00fcrnberg 16.2.2014\" href=\"https:\/\/tierra-de-oz.net\/wordpress\/stormwarrior-wisdom-majesty-rockfabrik-nurnberg-16-2-2014\/\">Stormwarrior, Wisdom &amp; Majesty @ Rockfabrik, N\u00fcrnberg 16.2.2014<br \/>\n<\/a><a title=\"Chant, Vigilante &amp; Die Krupps @ Rockfabrik, N\u00fcrnberg 20.2.2014\" href=\"https:\/\/tierra-de-oz.net\/wordpress\/chant-vigilante-die-krupps-rockfabrik-nurnberg-20-2-2014\/\">Chant, Vigilante &amp; Die Krupps @ Rockfabrik, N\u00fcrnberg 20.2.2014<\/a><br \/>\n<a title=\"Hyrax, Winterstorm &amp; Van Canto @ Rockfabrik, N\u00fcrnberg 23.2.2014\" href=\"https:\/\/tierra-de-oz.net\/wordpress\/hyrax-winterstorm-van-canto-rockfabrik-nurnberg-23-2-2014\/\">Hyrax, Winterstorm &amp; Van Canto @ Rockfabrik, N\u00fcrnberg 23.2.2014<\/a><br \/>\n<a title=\"Rock for one World 2014 @ Komma, Esslingen 8.3.2014\" href=\"https:\/\/tierra-de-oz.net\/wordpress\/rock-one-world-2014-komma-esslingen-8-3-2014\/\">Rock for one World 2014 @ Komma, Esslingen 8.3.2014<\/a><br \/>\n<a title=\"Entera &amp; Destruction @ Rockfabrik, N\u00fcrnberg 9.3.2014\" href=\"https:\/\/tierra-de-oz.net\/wordpress\/entera-destruction-rockfabrik-nurnberg-9-3-2014\/\">Entera &amp; Destruction @ Rockfabrik, N\u00fcrnberg 9.3.2014<\/a><br \/>\n<a title=\"Kirk, Crystal Ball &amp; The Poodles @ Rockfabrik, N\u00fcrnberg 16.3.2014\" href=\"https:\/\/tierra-de-oz.net\/wordpress\/kirk-crystal-ball-poodles-rockfabrik-nurnberg-16-3-2014\/\">Kirk, Crystal Ball &amp; The Poodles @ Rockfabrik, N\u00fcrnberg 16.3.2014<\/a><br \/>\n<a title=\"Hamferd &amp; Amorphis @ Hirsch, N\u00fcrnberg 23.3.2014\" href=\"https:\/\/tierra-de-oz.net\/wordpress\/hamferd-amorphis-hirsch-nurnberg-23-3-2014\/\">Hamferd &amp; Amorphis @ Hirsch, N\u00fcrnberg 23.3.2014<\/a><br \/>\n<a title=\"Reload &amp; Corroded @ Rockfabrik, N\u00fcrnberg 25.3.2014\" href=\"https:\/\/tierra-de-oz.net\/wordpress\/reload-corroded-rockfabrik-nurnberg-25-3-2014\/\">Reload &amp; Corroded @ Rockfabrik, N\u00fcrnberg 25.3.2014<\/a><br \/>\n<a title=\"Bloodbound @ Rockfabrik, N\u00fcrnberg 2.4.2014\" href=\"https:\/\/tierra-de-oz.net\/wordpress\/bloodbound-rockfabrik-nurnberg-2-4-2014\/\">Bloodbound @ Rockfabrik, N\u00fcrnberg 2.4.2014<\/a><br \/>\n<a title=\"Tri State Corner &amp; Axxis @ Rockfabrik, N\u00fcrnberg 3.4.2014\" href=\"https:\/\/tierra-de-oz.net\/wordpress\/tri-state-corner-axxis-rockfabrik-nurnberg-3-4-2014\/\">Tri State Corner &amp; Axxis @ Rockfabrik, N\u00fcrnberg 3.4.2014<\/a><br \/>\n<a title=\"Stormwarrior, Rhapsody of Fire &amp; Gamma Ray @ L\u00f6wensaal, N\u00fcrnberg 16.4.2014\" href=\"https:\/\/tierra-de-oz.net\/wordpress\/stormwarrior-rhapsody-fire-gamma-ray-lowensaal-nurnberg-16-4-2014\/\">Stormwarrior, Rhapsody of Fire &amp; Gamma Ray @ L\u00f6wensaal, N\u00fcrnberg 16.4.2014<\/a><br \/>\n<a title=\"Hong Faux &amp; D-A-D @ Rockfabrik, N\u00fcrnberg 25.4.2014\" href=\"https:\/\/tierra-de-oz.net\/wordpress\/hong-faux-d-d-rockfabrik-nurnberg-25-4-2014\/\">Hong Faux &amp; D-A-D @ Rockfabrik, N\u00fcrnberg 25.4.2014<\/a><br \/>\n<a title=\"Meinhard &amp; Blutengel @ Rockfabrik, N\u00fcrnberg 2.5.2014\" href=\"https:\/\/tierra-de-oz.net\/wordpress\/meinhard-blutengel-rockfabrik-nurnberg-2-5-2014\/\">Meinhard &amp; Blutengel @ Rockfabrik, N\u00fcrnberg 2.5.2014<\/a><br \/>\n<a title=\"Crystal Ball &amp; Krokus @ Hirsch, N\u00fcrnberg 18.5.2014\" href=\"https:\/\/tierra-de-oz.net\/wordpress\/crystal-ball-krokus-hirsch-nurnberg-18-5-2014\/\">Crystal Ball &amp; Krokus @ Hirsch, N\u00fcrnberg 18.5.2014<\/a><br \/>\n<a title=\"Magnum @ Rockfabrik, N\u00fcrnberg 20.5.2014\" href=\"https:\/\/tierra-de-oz.net\/wordpress\/magnum-rockfabrik-nurnberg-20-5-2014\/\">Magnum @ Rockfabrik, N\u00fcrnberg 20.5.2014<\/a><br \/>\n<a title=\"Hayseed Dixie @ Hirsch, N\u00fcrnberg 21.5.2014\" href=\"https:\/\/tierra-de-oz.net\/wordpress\/hayseed-dixie-hirsch-nurnberg-21-5-2014\/\">Hayseed Dixie @ Hirsch, N\u00fcrnberg 21.5.2014<\/a><br \/>\n<a title=\"Out &amp; Loud @ Eventzentrum Strohofer, Geiselwind 2014\" href=\"https:\/\/tierra-de-oz.net\/wordpress\/out-and-loud-eventzentrum-strohofer-geiselwind-2014\/\">Out &amp; Loud @ Eventzentrum Strohofer, Geiselwind 2014<\/a><br \/>\n<a title=\"The Bulletmonks &amp; Steel Panther @ Rockfabrik, N\u00fcrnberg 22.6.2014\" href=\"https:\/\/tierra-de-oz.net\/wordpress\/bulletmonks-steel-panther-rockfabrik-nurnberg-22-6-2014\/\">The Bulletmonks &amp; Steel Panther @ Rockfabrik, N\u00fcrnberg 22.6.2014<br \/>\n<\/a><a title=\"Basinfirefest @ Sp\u00e1len\u00e9 Po\u0159\u00ed\u010d\u00ed, Czech Republic 28.6.2014\" href=\"https:\/\/tierra-de-oz.net\/wordpress\/basinfirefest-spalene-porici-czech-republic-28-6-2014\/\">Basinfirefest @\u00a0Sp\u00e1len\u00e9 Po\u0159\u00ed\u010d\u00ed, Czech Republic 28.6.2014<\/a><br \/>\n<a title=\"With Full Force XXI @ Flugplatz, Roitzschjora\" href=\"https:\/\/tierra-de-oz.net\/wordpress\/with-full-force-xxi-flugplatz-roitzschjora\/\">With Full Force XXI @ Flugplatz, Roitzschjora<\/a><br \/>\n<a title=\"Bang Your Head @ Messegel\u00e4nde Balingen\" href=\"https:\/\/tierra-de-oz.net\/wordpress\/bang-your-head-messegelaende-balingen\/\">Bang Your Head @ Messegel\u00e4nde Balingen<\/a><br \/>\n<a title=\"Dr. Woo\u2019s Rock\u2019n'Roll Circus &amp; Black Star Riders @ Bike and Music Weekend, Geiselwind, 31.7.2014\" href=\"https:\/\/tierra-de-oz.net\/wordpress\/dr-woos-rocknroll-circus-black-star-riders-bike-music-weekend-geiselwind-31-7-2014\/\">Dr. Woo&#8217;s Rock&#8217;n&#8217;Roll Circus &amp; Black Star Riders @ Bike and Music Weekend, Geiselwind, 31.7.2014<\/a><br \/>\n<a title=\"Pyraser Classic Rock Night 2014\" href=\"https:\/\/tierra-de-oz.net\/wordpress\/pyraser-classic-rock-night-2014\/\">Pyraser Classic Rock Night 2014<\/a><br \/>\n<a title=\"Summer Breeze Open Air 2014\" href=\"https:\/\/tierra-de-oz.net\/wordpress\/summer-breeze-open-air-2014\/\">Summer Breeze Open Air 2014<\/a><br \/>\n<a title=\"The Sixxis &amp; Spock\u2019s Beard @ Hirsch, N\u00fcrnberg 7.9.2014\" href=\"https:\/\/tierra-de-oz.net\/wordpress\/sixxis-spocks-beard-hirsch-nurnberg-7-9-2014\/\">The Sixxis &amp; Spock&#8217;s Beard @ Hirsch, N\u00fcrnberg 7.9.2014<\/a><br \/>\n<a title=\"Troldhaugen, Crimson Shadows, Brainstorm &amp; Alestorm @ Rockfabrik, N\u00fcrnberg 12.9.2014\" href=\"https:\/\/tierra-de-oz.net\/wordpress\/troldhaugen-crimson-shadows-brainstorm-alestorm-rockfabrik-nurnberg-12-9-2014\/\">Troldhaugen, Crimson Shadows, Brainstorm &amp; Alestorm @ Rockfabrik, N\u00fcrnberg 12.9.2014<\/a><br \/>\n<a title=\"Soundchaser &amp; Lion Twin @ Hirsch, N\u00fcrnberg 16.9.2014\" href=\"https:\/\/tierra-de-oz.net\/wordpress\/soundchaser-lion-twin-hirsch-nurnberg-16-9-2014\/\">Soundchaser &amp; Lion Twin @ Hirsch, N\u00fcrnberg 16.9.2014<\/a><br \/>\n<a title=\"Junkstars, Supercharger &amp; Crucified Barbara @ Rockfabrik, N\u00fcrnberg 26.9.2014\" href=\"https:\/\/tierra-de-oz.net\/wordpress\/junkstars-supercharger-crucified-barbara-rockfabrik-nurnberg-26-9-2014\/\">Junkstars, Supercharger &amp; Crucified Barbara @ Rockfabrik, N\u00fcrnberg 26.9.2014<\/a><br \/>\n<a title=\"Starchild, Unisonic &amp; Edguy @ Brose Arena, Bamberg 2.10.2014\" href=\"https:\/\/tierra-de-oz.net\/wordpress\/starchild-unisonic-edguy-brose-arena-bamberg-2-10-2014\/\">Starchild, Unisonic &amp; Edguy @ Brose Arena, Bamberg 2.10.2014<\/a><br \/>\n<a title=\"Fireforce, Crystal Tears &amp; Mystic Prophecy @ Rockfabrik, N\u00fcrnberg 15.10.2014\" href=\"https:\/\/tierra-de-oz.net\/wordpress\/fireforce-crystal-tears-mystic-prophecy-rockfabrik-nurnberg-15-10-2014\/\">Fireforce, Crystal Tears &amp; Mystic Prophecy @ Rockfabrik, N\u00fcrnberg 15.10.2014<\/a><br \/>\n<a title=\"Damnations Day &amp; Accept @ Tonhalle, M\u00fcnchen 18.10.2014\" href=\"https:\/\/tierra-de-oz.net\/wordpress\/damnations-day-accept-tonhalle-munchen-18-10-2014\/\">Damnations Day &amp; Accept @ Tonhalle, M\u00fcnchen 18.10.2014<\/a><br \/>\n<a title=\"The Weyers &amp; Poets of the Fall @ Rockfabrik, N\u00fcrnberg 19.10.2014\" href=\"https:\/\/tierra-de-oz.net\/wordpress\/the-weyers-poets-of-the-fall-rockfabrik-nurnberg-19-10-2014\/\">The Weyers &amp; Poets of the Fall @ Rockfabrik, N\u00fcrnberg 19.10.2014<\/a><br \/>\n<a title=\"Sinwell &amp; Y&amp;T @ Hirsch, N\u00fcrnberg 20.10.2014\" href=\"https:\/\/tierra-de-oz.net\/wordpress\/sinwell-yt-hirsch-nurnberg-20-10-2014\/\">Sinwell &amp; Y&amp;T @ Hirsch, N\u00fcrnberg 20.10.2014<\/a><br \/>\n<a href=\"https:\/\/tierra-de-oz.net\/wordpress\/schammasch-secrets-of-the-moon-dark-fortress-rockfabrik-nurnberg-26-10-2014\/\">Schammasch, Secrets Of The Moon &amp; Dark Fortress @ Rockfabrik, N\u00fcrnberg 26.10.2014<\/a><br \/>\n<a title=\"The Durango Riot &amp; Mustasch @ Hirsch, N\u00fcrnberg 29.10.2014\" href=\"https:\/\/tierra-de-oz.net\/wordpress\/the-durango-riot-mustasch-hirsch-nurnberg-29-10-2014\/\">The Durango Riot &amp; Mustasch @ Hirsch, N\u00fcrnberg 29.10.2014<\/a><br \/>\n<a title=\"Headless &amp; Fates Warning @ Rockfabrik, N\u00fcrnberg 2.11.2014\" href=\"https:\/\/tierra-de-oz.net\/wordpress\/headless-fates-warning-rockfabrik-nurnberg-2-11-2014\/\">Headless &amp; Fates Warning @ Rockfabrik, N\u00fcrnberg 2.11.2014<\/a><br \/>\n<a title=\"Darkology, Enforcer, Prong &amp; Overkill @ Hirsch, N\u00fcrnberg 9.11.2014\" href=\"https:\/\/tierra-de-oz.net\/wordpress\/darkology-enforcer-prong-overkill-hirsch-nurnberg-9-11-2014\/\">Darkology, Enforcer, Prong &amp; Overkill @ Hirsch, N\u00fcrnberg 9.11.2014<\/a><br \/>\n<a title=\"Hardcore Superstar &amp; Gotthard @ Rockfabrik, N\u00fcrnberg 11.11.2014\" href=\"https:\/\/tierra-de-oz.net\/wordpress\/hardcore-superstar-gotthard-rockfabrik-nurnberg-11-11-2014\/\">Hardcore Superstar &amp; Gotthard @ Rockfabrik, N\u00fcrnberg 11.11.2014<\/a><br \/>\n<a title=\"Deserted Fear &amp; Morbid Angel @ Hirsch, N\u00fcrnberg 18.11.2014\" href=\"https:\/\/tierra-de-oz.net\/wordpress\/deserted-fear-morbid-angel-hirsch-nurnberg-18-11-2014\/\">Deserted Fear &amp; Morbid Angel @ Hirsch, N\u00fcrnberg 18.11.2014<\/a><br \/>\n<a title=\"Effloresce, Dying Passion &amp; Dante @ Luise \u2013 The Cultfactory, N\u00fcrnberg 21.11.2014\" href=\"https:\/\/tierra-de-oz.net\/wordpress\/effloresce-dying-passion-dante-luise-cultfactory-nurnberg-21-11-2014\/\">Effloresce, Dying Passion &amp; Dante @ Luise &#8211; The Cultfactory, N\u00fcrnberg 21.11.2014<\/a><br \/>\n<a title=\"GumoManiacs, Scene X Dream &amp; Anvil @ Hirsch, N\u00fcrnberg 26.11.2014\" href=\"https:\/\/tierra-de-oz.net\/wordpress\/gumomaniacs-scene-x-dream-anvil-hirsch-nurnberg-26-11-2014\/\">GumoManiacs, Scene X Dream &amp; Anvil @ Hirsch, N\u00fcrnberg 26.11.2014<\/a><br \/>\n<a title=\"Tri State Corner, Crystal Ball &amp; Tyketto @ Rockfabrik, N\u00fcrnberg 28.11.2014\" href=\"https:\/\/tierra-de-oz.net\/wordpress\/tri-state-corner-crystal-ball-tyketto-rockfabrik-nurnberg-28-11-2014\/\">Tri State Corner, Crystal Ball &amp; Tyketto @ Rockfabrik, N\u00fcrnberg 28.11.2014<\/a><br \/>\n<a title=\"Bilderbuch &amp; Beatsteaks @ Brose Arena, Bamberg 5.12.2014\" href=\"https:\/\/tierra-de-oz.net\/wordpress\/bilderbuch-beatsteaks-brose-arena-bamberg-5-12-2014\/\">Bilderbuch &amp; Beatsteaks @ Brose Arena, Bamberg 5.12.2014<\/a><br \/>\n<a title=\"Vader, Sodom, Arch Enemy &amp; Kreator @ Eventhalle, Geiselwind 12.12.2014\" href=\"https:\/\/tierra-de-oz.net\/wordpress\/vader-sodom-arch-enemy-kreator-eventhalle-geiselwind-12-12-2014\/\">Vader, Sodom, Arch Enemy &amp; Kreator @ Eventhalle, Geiselwind 12.12.2014<\/a><\/p>\n<p><a href=\"https:\/\/tierra-de-oz.net\/wordpress\/gallery\/\">back to Gallery<\/a><\/p>\n","protected":false},"excerpt":{"rendered":"<p>States and Empires, Heisskalt &amp; Zebrahead @ Rockfabrik, N&uuml;rnberg 19.1.2014 Trans-Siberian Orchestra @ Arena, N&uuml;rnberg 20.1.2014 Dream Theater @ Zenith, M&uuml;nchen 26.1.2014<\/p>\n<p class=\"link-more\"><a class=\"myButt \" href=\"https:\/\/tierra-de-oz.net\/wordpress\/2014-2\/\">Read More<\/a><\/p>\n","protected":false},"author":1,"featured_media":0,"parent":0,"menu_order":0,"comment_status":"closed","ping_status":"closed","template":"","meta":{"footnotes":""},"tags":[],"class_list":["post-4565","page","type-page","status-publish","hentry"],"_links":{"self":[{"href":"https:\/\/tierra-de-oz.net\/wordpress\/wp-json\/wp\/v2\/pages\/4565","targetHints":{"allow":["GET"]}}],"collection":[{"href":"https:\/\/tierra-de-oz.net\/wordpress\/wp-json\/wp\/v2\/pages"}],"about":[{"href":"https:\/\/tierra-de-oz.net\/wordpress\/wp-json\/wp\/v2\/types\/page"}],"author":[{"embeddable":true,"href":"https:\/\/tierra-de-oz.net\/wordpress\/wp-json\/wp\/v2\/users\/1"}],"replies":[{"embeddable":true,"href":"https:\/\/tierra-de-oz.net\/wordpress\/wp-json\/wp\/v2\/comments?post=4565"}],"version-history":[{"count":99,"href":"https:\/\/tierra-de-oz.net\/wordpress\/wp-json\/wp\/v2\/pages\/4565\/revisions"}],"predecessor-version":[{"id":14233,"href":"https:\/\/tierra-de-oz.net\/wordpress\/wp-json\/wp\/v2\/pages\/4565\/revisions\/14233"}],"wp:attachment":[{"href":"https:\/\/tierra-de-oz.net\/wordpress\/wp-json\/wp\/v2\/media?parent=4565"}],"wp:term":[{"taxonomy":"post_tag","embeddable":true,"href":"https:\/\/tierra-de-oz.net\/wordpress\/wp-json\/wp\/v2\/tags?post=4565"}],"curies":[{"name":"wp","href":"https:\/\/api.w.org\/{rel}","templated":true}]}}